{"id":119,"date":"2017-09-04T16:32:56","date_gmt":"2017-09-04T14:32:56","guid":{"rendered":"http:\/\/rhv-trumerseen.at\/?page_id=119"},"modified":"2020-10-07T12:14:09","modified_gmt":"2020-10-07T10:14:09","slug":"schwimmbadabwaesser","status":"publish","type":"page","link":"https:\/\/rhv-trumerseen.at\/?page_id=119","title":{"rendered":"Schwimmbadabw\u00e4sser"},"content":{"rendered":"<p class=\"textbanner\"><strong>Info<\/strong><\/p>\n<p>Aufbereitete Badew\u00e4sser sowie b\u00e4derspezifische Sp\u00fcl- und Abw\u00e4sser enthalten bestimmungsgem\u00e4\u00df Desinfektionsmittel und\/oder Biozide sowie Aufbereitungsmittel. Bei der Ableitung dieser W\u00e4sser\u00a0ist grunds\u00e4tzlich nach dem \u00d6WAV Merkblatt f\u00fcr &#8222;Private Hallen- und Freischwimmbecken&#8220; \u00a0vorzugehen.<\/p>\n<p>Grunds\u00e4tzlich ist zu sagen, dass Sp\u00fcl- und Reinigungsw\u00e4sser (inklusive der Filterr\u00fccksp\u00fclw\u00e4sser) in den Schmutzwasserkanal abzuleiten sind. F\u00fcr die Ableitung dieser W\u00e4sser in den Schmutzwasserkanal ist vom Kanalbetreiber eine Bewilligung einzuholen.<\/p>\n<p>Das\u00a0hei\u00dft, vor der Errichtung eines Schwimmbades ist in jedem Fall beim Reinhaltungsverband Trumerseen um eine Bewilligung anzusuchen.<\/p>\n<p><a href=\"https:\/\/rhv-trumerseen.at\/wp-content\/uploads\/2017\/09\/Ansuchen-Schwimmbadabw.doc\" target=\"_blank\" rel=\"noopener\">Ansuchen zum Herunterladen &#8211; doc<\/a><\/p>\n<p><a href=\"https:\/\/rhv-trumerseen.at\/wp-content\/uploads\/2017\/09\/\u00d6WAV-Merkplatt.pdf\" target=\"_blank\" rel=\"noopener\">\u00d6WAV Merkblatt zum Herunterladen &#8211; pdf<\/a><\/p>\n","protected":false},"excerpt":{"rendered":"<p>Info Aufbereitete Badew\u00e4sser sowie b\u00e4derspezifische Sp\u00fcl- und Abw\u00e4sser enthalten bestimmungsgem\u00e4\u00df Desinfektionsmittel und\/oder Biozide sowie Aufbereitungsmittel. Bei der Ableitung dieser W\u00e4sser\u00a0ist grunds\u00e4tzlich nach dem \u00d6WAV Merkblatt f\u00fcr &#8222;Private Hallen- und Freischwimmbecken&#8220; \u00a0vorzugehen. Grunds\u00e4tzlich ist zu sagen, dass Sp\u00fcl- und Reinigungsw\u00e4sser (inklusive der Filterr\u00fccksp\u00fclw\u00e4sser) in den Schmutzwasserkanal abzuleiten sind. F\u00fcr die Ableitung dieser W\u00e4sser in den Schmutzwasserkanal &hellip; <a href=\"https:\/\/rhv-trumerseen.at\/?page_id=119\" class=\"more-link\"><span class=\"screen-reader-text\">Schwimmbadabw\u00e4sser<\/span> weiterlesen<\/a><\/p>\n","protected":false},"author":1,"featured_media":0,"parent":93,"menu_order":4,"comment_status":"closed","ping_status":"closed","template":"","meta":{"footnotes":""},"class_list":["post-119","page","type-page","status-publish","hentry"],"_links":{"self":[{"href":"https:\/\/rhv-trumerseen.at\/index.php?rest_route=\/wp\/v2\/pages\/119","targetHints":{"allow":["GET"]}}],"collection":[{"href":"https:\/\/rhv-trumerseen.at\/index.php?rest_route=\/wp\/v2\/pages"}],"about":[{"href":"https:\/\/rhv-trumerseen.at\/index.php?rest_route=\/wp\/v2\/types\/page"}],"author":[{"embeddable":true,"href":"https:\/\/rhv-trumerseen.at\/index.php?rest_route=\/wp\/v2\/users\/1"}],"replies":[{"embeddable":true,"href":"https:\/\/rhv-trumerseen.at\/index.php?rest_route=%2Fwp%2Fv2%2Fcomments&post=119"}],"version-history":[{"count":2,"href":"https:\/\/rhv-trumerseen.at\/index.php?rest_route=\/wp\/v2\/pages\/119\/revisions"}],"predecessor-version":[{"id":638,"href":"https:\/\/rhv-trumerseen.at\/index.php?rest_route=\/wp\/v2\/pages\/119\/revisions\/638"}],"up":[{"embeddable":true,"href":"https:\/\/rhv-trumerseen.at\/index.php?rest_route=\/wp\/v2\/pages\/93"}],"wp:attachment":[{"href":"https:\/\/rhv-trumerseen.at\/index.php?rest_route=%2Fwp%2Fv2%2Fmedia&parent=119"}],"curies":[{"name":"wp","href":"https:\/\/api.w.org\/{rel}","templated":true}]}}